and 255.
15
Let z(t) = 91*t**2 - 4*t + 4. Let b be z(1). Let g = -40 + b. Calculate the greatest common divisor of g and 3.
3
Let l = -2313 + 2398. Calculate the greatest common factor of l and 255.
85
Let z(i) = -i**3 - 5*i**2 - 8*i - 14. Let o be z(-4). Suppose -5*b - o*l = -594, -l - 363 = -2*b - b. Calculate the greatest common factor of b and 80.
40
Suppose 0 = -15*j - 8*j + 7590. Suppose i - 6*i + j = 0. What is the greatest common factor of i and 6?
6
Let w be (-7 + 13 + -3)*2/(-6)*-14. Calculate the highest common factor of w and 4599.
7
Suppose 2*y + 5*l = 14, -3*y + 2*y + 4*l = -33. Let h = y - -18. What is the greatest common divisor of h and 280?
35
Let z(f) = 3*f**2 + 31*f + 65. Let t be z(0). Calculate the highest common divisor of t and 55.
5
Let h = -31 + 34. Suppose -o + 82 = 5*n - 30, h*n - 57 = -4*o. Calculate the highest common factor of n and 575.
23
Let r(c) = c**2 + 6*c + 66. Let p be r(-15). Suppose -u = -2*m - 118, -2*u + 7*m - 10*m + p = 0. What is the greatest common factor of u and 24?
12
Suppose 0 = -3*f - 77 + 116. What is the highest common divisor of f and 325?
13
Let h be (-10)/2*(-210)/14. Let g(y) = -y**3 - 49*y**2 - 153*y - 315. Let i be g(-46). Calculate the highest common divisor of i and h.
75
Let n be (-3 - -1) + 348 + 6. Let o = 4631 + -4599. What is the greatest common divisor of n and o?
32
Let o(r) = r**2 - 29*r + 32. Let w(h) = -h - 1. Let s(c) = -o(c) + 6*w(c). Let x be s(21). Calculate the highest common factor of 32 and x.
4
Suppose 47*u + 14*u - 122 = 0. Calculate the highest common divisor of 1097 and u.
1
Suppose -79583 = -5*f + 2*k, 71*f - 75*f = 2*k - 63670. What is the greatest common factor of f and 44?
11
Let x(z) = 389*z - 1057. Let m be x(20). Calculate the greatest common divisor of m and 162.
81
Suppose -28*q + 70 = 5*u - 26*q, -9 = -2*u + 3*q. Let v(d) = d**3 + 2*d**2 + 6*d - 12. Let f be v(4). What is the greatest common factor of u and f?
12
Let s = -5954 - -5975. Calculate the greatest common factor of 60 and s.
3
Let y(c) = c**2 - 2*c + 1. Let q be y(1). Suppose q*j + 2*j = 176. Suppose -9*f + 86 + 13 = 0. Calculate the highest common divisor of j and f.
11
Let m = -14992 + 15047. Suppose 4*r - 4*b = 5 - 361, -2*b + 454 = -5*r. Let u = 136 + r. Calculate the greatest common factor of m and u.
11
Let l = 11 + -15. Let t = l + 3. Let j be t/(-4) + (-263)/(-4)*1. What is the greatest common factor of j and 44?
22
Suppose 20*a = 40 + 360. Suppose a*z - 384 = 4*z. Calculate the greatest common factor of z and 6.
6
Suppose 8636 = 7*n + 10*n. Let f = n - 303. Calculate the greatest common factor of f and 123.
41
Let o(q) = -q**2 + 3*q + 17. Let h be o(0). Let k be (19074/48)/11*8. What is the highest common factor of h and k?
17
Suppose -3*m + 0 = -24. Let d(l) = m - 112*l + 0*l**2 + 106*l + 2*l**2. Let x be d(5). Calculate the highest common divisor of 28 and x.
28
Let c(f) = 40*f - 3344. Let k be c(84). Let h(o) = o**3 + 8*o**2 - 4*o + 7. Let d be h(-5). Let w = d + -70. What is the highest common factor of w and k?
16
Let d = 371 - 200. Let w be (5/35)/(17/1071). What is the highest common divisor of w and d?
9
Suppose -1257 = -2*t + 5*q, 657*q + 3195 = 5*t + 662*q. What is the greatest common divisor of 204 and t?
12
Suppose 22*h - 4*k = 17*h + 2270, 1816 = 4*h - k. Let d = h - 444. What is the highest common factor of 55 and d?
5
Suppose 0 = -5*a + h + 17, 5*a + 4*h = 2 + 5. Suppose 4*x + 10 - 26 = -2*b, a*b - 8 = 2*x. What is the highest common factor of b and 76?
4
Suppose 16434 = -69*y + 85336 + 103736. Calculate the greatest common factor of y and 3614.
278
Let o(w) = 200*w - 104. Let l be o(8). Calculate the greatest common factor of l and 704.
88
Let v(m) = 19*m**2 - 84*m - 626. Let u be v(-7). What is the highest common divisor of 376 and u?
47
Let l(r) = r**3 + 5*r + 224. Let f be l(0). Suppose -5*b - 11*b = -f. Let m(c) = -c + 35. Let q be m(0). Calculate the highest common factor of q and b.
7
Suppose 0 = -3*w + c + 902, -c = -51*w + 49*w + 603. Calculate the highest common factor of w and 391.
23
Let i = 49 - 42. Let k(o) = -o**3 + 5*o**2 + 22*o - 8. Let b be k(i). Calculate the highest common divisor of 168 and b.
24
Suppose -4*j + 5232 = -4*d, -3*j + 5094 = -2*d + 1174. Suppose -10*h = -j - 1076. What is the greatest common divisor of 42 and h?
14
Let j be (88/55)/((-1)/(-20)). Let u = -13 + j. What is the highest common divisor of 19 and u?
19
Suppose -34*r - 40 = -38*r. What is the highest common factor of 2520 and r?
10
Suppose -25*y + 0*y = 3*y - 9744. Calculate the highest common factor of 18 and y.
6
Let w(f) = 2*f**3 - 4*f + 325. Let k be w(0). What is the highest common factor of k and 125?
25
Let x(p) = p**3 - 14*p**2 - p + 58. Let c be x(14). What is the highest common divisor of 52 and c?
4
Let z(d) = 653*d - 9. Let s be z(1). Suppose 4*v = 8*k - 10*k + s, -5*v - 2*k = -805. What is the greatest common divisor of 46 and v?
23
Let y(t) = 7*t - 19. Let g be y(3). Suppose -g*u + 0 + 48 = 0. Calculate the greatest common factor of 180 and u.
12
Let z(r) = r + 9. Let g be z(-5). Suppose x = -3*j + 13, 4*x + 3*j = j + 12. Let p be 14/(x*(-1)/(-2)). Calculate the highest common factor of p and g.
4
Suppose -56377 = -29*y - 12587. What is the highest common factor of 10 and y?
10
Suppose -22 - 6 = -4*p - k, -2*p = -k - 8. Let f be (p + -2)*(-777)/(-28). Suppose 121 + f = 2*n. What is the greatest common divisor of n and 290?
58
Suppose 0 = 5*m - 41 + 36, 4*j - 13899 = -3*m. What is the greatest common factor of j and 36?
18
Suppose -34*h = -105*h + 9656. What is the greatest common divisor of 8 and h?
8
Let z(g) = g**2 + 31*g + 68. Suppose 3*i - 4*m + 45 = -30, 0 = -3*i + 5*m - 72. Let o be z(i). What is the highest common factor of o and 70?
10
Suppose 7*o = -438 - 2446. Let g = 592 + o. Calculate the greatest common divisor of g and 140.
20
Suppose 2*t = 4*i - 574, 194*t - 195*t + 433 = 3*i. Calculate the highest common factor of i and 108.
36
Suppose 12*t - 60 = 0, -24*c - 2*t - 4115 = -29*c. What is the greatest common divisor of 1200 and c?
75
Let p(t) = -2*t**2 + 13*t + 38. Suppose x = 4*a - 35, 6*a + 41 = 10*a - 3*x. Let w be p(a). Calculate the highest common factor of 448 and w.
14
Suppose -109*r + 104*r - 2*o + 1281 = 0, 5*o - 525 = -2*r. Let i = -17 + 77. What is the greatest common divisor of r and i?
15
Let y = 57 - 52. Let n = 429 + -109. Calculate the highest common factor of n and y.
5
Suppose -2*p = 5*t - 0*p - 14, t - p = 0. Let l(n) = 5*n**3 - n**2 - 2*n. Let x be l(t). Let m = -445 - -493. Calculate the greatest common factor of x and m.
16
Suppose -2*f - 36 = -2*v, -8 = 4*f - 0. Let z be v - (0 + 1 + -3). Let y = 357 - 312. Calculate the greatest common divisor of z and y.
9
Let b = -14976 + 17559. Calculate the highest common factor of 1148 and b.
287
Suppose 461 = 4*k - s, 3*s - 458 = -4*k + s. Suppose -2*l + 0*x = 5*x - 143, 0 = 5*l + 3*x - 348. What is the highest common divisor of k and l?
23
Suppose -4*w = 5*m - 68, 2*w + 6*m = m + 24. Let h = 169 - 149. Suppose -1406 - 2114 = -h*c. Calculate the greatest common factor of c and w.
22
Let d be 8/2 - 63/(-21). Let m be 50*(-8)/(-140)*d. Calculate the greatest common divisor of m and 220.
20
Let x(i) = 61*i - 23. Let z be x(4). Let u = z - 210. What is the highest common factor of u and 22?
11
Let l be 362/7 + (-18)/(-63). Suppose 2*r = 3*w + w + l, -r - w = -11. Let p = 5911 - 5767. What is the greatest common divisor of p and r?
16
Suppose -1048*m + 953*m + 582540 = 0. Calculate the highest common factor of m and 252.
84
Suppose -13 = 2*j - 3. Let v(x) = -x - 1. Let i be v(j). Suppose 8*k - 132 = i*k. What is the greatest common divisor of 99 and k?
33
Let j be (-2)/(-6)*22*3. Suppose -34 = -5*g + v, -15*v + 18 = 2*g - 11*v. Suppose 0 = -3*k + g*k - 968. What is the greatest common divisor of k and j?
22
Let r be (1 - 3) + 10 + (-560)/112. What is the highest common divisor of r and 58?
1
Suppose 0 = 2*j - 4*j + 48. Let v = -15 - -19. Suppose -52 = -y + w, -v*y = 5*w - 234 + 62. What is the highest common factor of y and j?
24
Suppose -3*o - 6*l + 16194 = 0, 10*o - 5*o + 3*l = 26962. Calculate the greatest common factor of o and 165.
55
Let h be (-2 - -1)*(-791 + -1). Suppose -55*p = -